List the prime factors of u.
2, 3
Let g = 361 + -182. List the prime factors of g.
179
Suppose -5*u + 2*u + 90 = 0. Let w be -5*1*(-36)/u. Suppose -l + 0 + w = 0. List the prime factors of l.
2, 3
Let g be -2*1 - (-1 - (-4 - 1)). Let d(l) = 0*l**2 + 4*l + l**3 + 1 + 4*l**2 + 3*l**2. What are the prime factors of d(g)?
13
Suppose 0 = -8*z - 9 + 329. What are the prime factors of z?
2, 5
Let p(r) be the second derivative of -3*r**3/2 - 4*r**2 - 4*r. Let i(t) = -4*t - 4. Let u(c) = -5*i(c) + 2*p(c). What are the prime factors of u(6)?
2
Let m = 9 - -126. What are the prime factors of m?
3, 5
What are the prime factors of (-152)/(-3) + -2 + 28/(-42)?
2, 3
Suppose -3*b - 14 = r - 4, -2*r + 4*b = 0. Let s = 8 + r. List the prime factors of s.
2
Suppose 0*g - 2*c + 14 = g, 4*g + 2*c - 26 = 0. Suppose 3*x = p - 16, 29 = g*p - 4*x - 11. What are the prime factors of p?
7
What are the prime factors of 1/(-4) - (-808)/32?
5
Let q(d) = -2 - 2*d**3 + 6*d**3 - 2*d**2 - 3*d**3 + 2*d + 0*d. Suppose 4*k + 2 = 14. List the prime factors of q(k).
13
Let n = -13 - -15. Suppose -4 = -n*v - 0. What are the prime factors of v?
2
Let w(a) = 5*a**2 + 4*a - 16. List the prime factors of w(4).
2, 5
Let d = 8 - 6. Let x be d/(-7) - 32/(-14). Let g = 15 + x. List the prime factors of g.
17
Let d(k) = k - 5. Let i(h) = -1. Let f(b) = d(b) + 5*i(b). Let c be f(7). Let q = c - -8. List the prime factors of q.
5
Suppose 5*r = 3*b + 732, -2*r + 3*r + 5*b - 124 = 0. What are the prime factors of r?
2, 3
Let n = 40 + -5. What are the prime factors of n?
5, 7
Suppose 3*o - 4 = -0*g - g, 6 = -4*g - o. List the prime factors of g/(-4) - 7/(-2).
2
Let g(v) = -v**3 + 4*v**2 - 2*v + 2. Let k be (-3)/2*(-20)/15. What are the prime factors of g(k)?
2, 3
Suppose 11*g = -2*g + 559. List the prime factors of g.
43
Let l(r) = -r**2 - 2*r + 4. Let m be l(3). Let y = m + 20. What are the prime factors of y?
3
Let x(u) = -u**2 + 7*u + 4. Let t be x(7). What are the prime factors of 20 - -3*t/(-12)?
19
Suppose -o - 4 = 4*b - 2, -o = -5*b + 47. List the prime factors of (-20)/(-110) + (-546)/o.
5
Suppose 4*c + 113 = -19. Let d = -15 - c. What are the prime factors of d?
2, 3
Let p(z) be the second derivative of z**5/60 + 7*z**4/24 - 7*z**3/6 + 2*z**2 + 4*z. Let q(f) be the first derivative of p(f). List the prime factors of q(-9).
11
Let q(g) = -24*g - 5. Suppose 0*n - n - 2 = 0. List the prime factors of q(n).
43
What are the prime factors of 2196/20 + 1/5?
2, 5, 11
Let x(i) = i**3 + 5*i**2 - 5*i + 2. Let d be x(-6). Suppose 0 = -z - 0*z + 3, -c = 3*z - 16. What are the prime factors of 3 - (d/(-2) - c)?
2
What are the prime factors of 7/(63/132)*3?
2, 11
Let j be (-4)/10*(-5 + 0). What are the prime factors of (-3 - (1 - j))*-1?
2
Let g be (4*2)/((-2)/(-1)). Let z be (-1)/(2*(-2)/g). Let t = 5 - z. List the prime factors of t.
2
Suppose 75 - 14 = 3*s + 4*l, -43 = -2*s - 5*l. List the prime factors of s.
19
Suppose 2*w - h + 119 = 0, 2*w + 117 = -0*w + 3*h. Let b = 99 + w. List the prime factors of b.
3, 13
Suppose 0*s - 3*d - 324 = 3*s, -d = -1. Let t be (-3)/18 - s/6. Let a = -11 + t. List the prime factors of a.
7
Let l(r) = -r**3 - 13*r**2 + r + 4. Let z(f) = -f**3 - 13*f**2 + f + 5. Let s(c) = -3*l(c) + 2*z(c). What are the prime factors of s(-13)?
11
Let i(r) = 2*r**2 - 4. Let o be (-2)/(7/3 + -3). List the prime factors of i(o).
2, 7
Let d be ((-33)/12)/(2/8). Let v = d + 18. What are the prime factors of v?
7
Let t be (-3)/(-2)*(-288)/27. Let k = 36 + t. List the prime factors of k.
2, 5
Suppose -4*c - 5*y = -163, -5*c - y + 250 = -4*y. Suppose 0 = 3*h - 70 - c. What are the prime factors of h?
3, 13
Suppose -4*h - 16 = 2*b, -3*h - 12 = 3*b - 0. Let q = 2 + b. List the prime factors of (q/(-6))/((-1)/27).
3
Let o(m) = -m**3 + 7*m**2 - 5*m + 8. Let a be o(6). Let r be 2 - 0*2/6. Suppose r*g + 0 = a. List the prime factors of g.
7
Let a(l) = 10*l - 1. What are the prime factors of a(4)?
3, 13
Let a(g) = g**3 - 9*g**2 + g + 1. Let p be a(9). Suppose 10 + p = 5*x. List the prime factors of x.
2
List the prime factors of 25 + -5 + (-2)/(-1).
2, 11
Suppose -4*f + 77 = k, -6*k = -5*k - 2*f - 101. What are the prime factors of k?
3, 31
Suppose -1279 = -3*k + s + 3*s, s = -2*k + 849. What are the prime factors of k?
5, 17
Suppose 0 = n - 4, -5*w - 1 = -3*n - n. Suppose 4*d = w*p + 2 - 24, 4*p - d = 25. List the prime factors of p.
2, 3
Let h = -235 + 343. What are the prime factors of h?
2, 3
Suppose i + 2*i - 15 = 0. Suppose 0 = -3*o - 2*z + 10, -1 = -3*o + 5*z - i. List the prime factors of o.
2
Let o = 9 - 4. Suppose -15 = -x - o. List the prime factors of x.
2, 5
Let d = 86 - 60. List the prime factors of d.
2, 13
Let h = -10 - -7. Let j be 21 - -2 - (1 + h). Let o = -16 + j. List the prime factors of o.
3
Let f = 79 - 38. Let s = f - 11. List the prime factors of s.
2, 3, 5
Let w = 5 - 5. Let d(v) = v + 15. List the prime factors of d(w).
3, 5
Suppose -3*n = -306 + 60. What are the prime factors of n?
2, 41
Let u(n) be the third derivative of -n**4/8 - n**3/3 - 4*n**2. Let v be u(4). Let y = 20 + v. List the prime factors of y.
2, 3
Let s(x) = 2*x**3 - x**2 - 4. Let k be s(-2). Let j = -21 - k. What are the prime factors of j?
3
Let f(o) = -o**3 + 12*o**2 + 9*o - 16. List the prime factors of f(11).
2, 3, 17
Let s = -2 - -9. List the prime factors of s.
7
Let p(w) = 2*w**2 + 16*w + 7. Let d(v) = -v**2 - 8*v - 3. Let s(a) = 5*d(a) + 2*p(a). What are the prime factors of s(-7)?
2, 3
Let x = 2 + -2. Let d be 2*(x - -2) + -2. Suppose o + 2*n = -3, d*o + 0 - 24 = 2*n. What are the prime factors of o?
7
Let x(t) be the second derivative of t**5/5 - t**4/3 + t**3/6 + t**2 - 5*t. What are the prime factors of x(2)?
2, 5
Let f(r) = -5*r - 1. What are the prime factors of f(-6)?
29
Let b(g) = 19*g - 3. List the prime factors of b(3).
2, 3
Let s(f) = -f**3 + 6*f**2 + f - 3. Let l(g) = 3*g**2 - 2*g - 2. Let o be l(2). Let r be s(o). Suppose -2*d + 25 + r = 0. What are the prime factors of d?
2, 7
Suppose -4*f + 535 = -3*g - 0*g, 4*f + 4*g - 500 = 0. Suppose -z = 4*z - f. List the prime factors of z.
2, 13
Let o be 2/(-3) - (-4)/6. Suppose -5*f + 151 + 34 = o. List the prime factors of f.
37
Let v(d) = d**2 - 3*d. Let q be v(3). Let h be (-12)/(-6) - (q + 0). Let s = h - -9. What are the prime factors of s?
11
Suppose j - 17 = 4*o + 24, 3*o + 67 = 2*j. What are the prime factors of j?
29
Let j be (-6)/21 + (-19)/7. Let k(t) = -t**2 - 3*t + 2. Let w be k(j). Suppose w*l - 7 = -3, -r - 3*l = -8. What are the prime factors of r?
2
Suppose -8*t + 15 = -3*t. Suppose t*l - 47 = 7. What are the prime factors of l?
2, 3
Let h(x) be the third derivative of x**4/6 + x**3/6 - x**2. Let m be h(-1). Let v(j) = -j**2 - 4*j + 3. What are the prime factors of v(m)?
2, 3
Let c(a) = -9*a - 4. Suppose -5*g = -3*g + 6. Let x be c(g). Suppose 2*k - z = x, z = 5*z + 4. List the prime factors of k.
11
Suppose -3*q = 2*q + 60. What are the prime factors of (-3)/q + 54/8?
7
Let g be (3 + -2)/((-2)/(-6)). Let p = 22 + g. List the prime factors of p.
5
Let r(p) = -p**2 - 10*p - 12. Let f be r(-6). Suppose -3*d - 3*o + f = -2*d, -42 = -5*d + 3*o. What are the prime factors of d?
3
Suppose 3*w = 3 - 0. Let d = w + 3. Suppose p = 1, 0 = -b + d*b + 2*p - 50. What are the prime factors of b?
2
Suppose 3*q = -7 - 11. Let r(m) = -3*m - 8. List the prime factors of r(q).
2, 5
Suppose -10 = u - 3*u. Suppose -133 = -u*b + 17. List the prime factors of b.
2, 3, 5
Suppose 1 - 4 = -4*l + t, 4*l = 3*t + 1. Suppose -3*r + 179 + l = 0. Suppose -7*p = -5*a - 4*p + r, -3*a = -5*p - 36. List the prime factors of a.
2, 3
Let o = 2 - 2. Suppose o = v + v - 2. List the prime factors of (-4 - -4) + (9 - v).
2
What are the prime factors of (4 - 57/1)*-1?
53
Let c(w) = -w + 8. List the prime factors of c(-12).
2, 5
Let u(y) = -5*y**3 - y**2 - 5*y - 2. What are the prime factors of u(-3)?
139
Let b = 7 - 7. Suppose 5*k - 11 - 134 = b. List the prime factors of k.
29
Suppose 97 = 3*r - 44. List the prime factors of r.
47
Let w = 52 + -37. Suppose -w = -a - 3. Let o = 20 - a. List the prime factors of o.
2
Suppose -24 = -4*q - 0. Suppose 0 = 4*c - q*c + 4. List the prime factors of c.
2
Let y be 1 - ((-4)/(-2) - 3). Suppose -2*x + 10 = y. Suppose -5*i 